1?
11, 431, 571
List the prime factors of 1262345.
5, 7, 36067
What are the prime factors of 2117856?
2, 3, 13, 1697
What are the prime factors of 246630?
2, 3, 5, 8221
List the prime factors of 659925.
3, 5, 7, 419
What are the prime factors of 5742949?
181, 31729
List the prime factors of 5120243.
1801, 2843
What are the prime factors of 14549770?
2, 5, 1454977
List the prime factors of 2769842.
2, 1384921
List the prime factors of 2101001.
7, 19, 15797
List the prime factors of 329306.
2, 164653
What are the prime factors of 8501502?
2, 3, 31, 45707
What are the prime factors of 1379155?
5, 101, 2731
List the prime factors of 4150006.
2, 7, 17, 47, 53
List the prime factors of 30040481.
30040481
What are the prime factors of 11994459?
3, 659, 6067
List the prime factors of 1970837.
11, 179167
What are the prime factors of 2959525?
5, 23, 5147
List the prime factors of 3612961.
11, 41, 8011
List the prime factors of 1599351.
3, 13, 23, 1783
List the prime factors of 473746.
2, 7, 13, 19, 137
What are the prime factors of 1934799?
3, 644933
What are the prime factors of 3382630?
2, 5, 338263
What are the prime factors of 8874956?
2, 53, 41863
List the prime factors of 243533.
243533
What are the prime factors of 540186?
2, 3, 90031
List the prime factors of 111981.
3, 163, 229
What are the prime factors of 1649124?
2, 3, 19, 2411
List the prime factors of 275708.
2, 68927
What are the prime factors of 11320679?
113, 100183
List the prime factors of 245303.
31, 41, 193
List the prime factors of 110129.
110129
What are the prime factors of 2607353?
7, 37, 10067
What are the prime factors of 433578?
2, 3, 127, 569
List the prime factors of 13345180.
2, 5, 47, 14197
What are the prime factors of 6122939?
6122939
List the prime factors of 391408.
2, 17, 1439
What are the prime factors of 1139238?
2, 3, 17, 73
List the prime factors of 943175.
5, 31, 1217
List the prime factors of 189510.
2, 3, 5, 6317
What are the prime factors of 72190?
2, 5, 7219
List the prime factors of 1419239.
1419239
What are the prime factors of 7915649?
7, 1130807
What are the prime factors of 24112843?
19, 971, 1307
List the prime factors of 411111.
3, 17, 2687
List the prime factors of 1131557.
7, 3299
What are the prime factors of 262313?
262313
List the prime factors of 32946.
2, 3, 17, 19
What are the prime factors of 1665067?
1665067
What are the prime factors of 455545?
5, 31, 2939
What are the prime factors of 2182613?
17, 128389
List the prime factors of 18986347.
18986347
What are the prime factors of 60288?
2, 3, 157
What are the prime factors of 1037072?
2, 64817
What are the prime factors of 22469385?
3, 5, 89, 16831
List the prime factors of 5652248.
2, 7, 14419
List the prime factors of 37390457.
13, 113, 25453
What are the prime factors of 686306?
2, 343153
List the prime factors of 279799.
13, 21523
List the prime factors of 95625.
3, 5, 17
List the prime factors of 24689179.
29, 851351
List the prime factors of 2802496.
2, 43789
What are the prime factors of 147238?
2, 7, 13, 809
List the prime factors of 2505118.
2, 7, 11, 16267
List the prime factors of 926648.
2, 115831
What are the prime factors of 3677702?
2, 7, 262693
List the prime factors of 321973.
41, 7853
What are the prime factors of 665259?
3, 7, 79, 401
List the prime factors of 802694.
2, 401347
What are the prime factors of 755905?
5, 17, 8893
What are the prime factors of 307389?
3, 79, 1297
List the prime factors of 2871635.
5, 13, 44179
List the prime factors of 1512141.
3, 504047
What are the prime factors of 1663447?
179, 9293
List the prime factors of 107170.
2, 5, 7, 1531
What are the prime factors of 1702359?
3, 189151
List the prime factors of 205800.
2, 3, 5, 7
List the prime factors of 230751.
3, 25639
What are the prime factors of 566414?
2, 283207
What are the prime factors of 1109060?
2, 5, 23, 2411
List the prime factors of 7537885.
5, 17, 88681
What are the prime factors of 4716951?
3, 1019, 1543
What are the prime factors of 3690726?
2, 3, 13, 47317
What are the prime factors of 16583726?
2, 89, 151, 617
What are the prime factors of 1008061?
103, 9787
List the prime factors of 4517071.
13, 37, 9391
What are the prime factors of 111179?
73, 1523
List the prime factors of 8053819.
137, 58787
List the prime factors of 485762.
2, 89, 2729
List the prime factors of 12488142.
2, 3, 859, 2423
What are the prime factors of 95002?
2, 47501
List the prime factors of 530607.
3, 7, 11, 2297
What are the prime factors of 184301?
13, 14177
What are the prime factors of 5730023?
13, 29, 15199
What are the prime factors of 13991718?
2, 3, 13, 179381
What are the prime factors of 4257619?
1669, 2551
What are the prime factors of 320947?
11, 163, 179
What are the prime factors of 3078357?
3, 1026119
What are the prime factors of 235498?
2, 73, 1613
What are the prime factors of 21682407?
3, 37, 229, 853
What are the prime factors of 226786?
2, 7, 97, 167
List the prime factors of 1852607.
29, 193, 331
List the prime factors of 586136.
2, 41, 1787
List the prime factors of 3654208.
2, 57097
List the prime factors of 424759.
233, 1823
What are the prime factors of 2893344?
2, 3, 30139
What are the prime factors of 6915737?
6915737
What are the prime factors of 374494?
2, 41, 4567
List the prime factors of 1265727.
3, 59, 7151
List the prime factors of 1318576.
2, 7, 61, 193
What are the prime factors of 713323?
13, 37, 1483
List the prime factors of 16975753.
1361, 12473
List the prime factors of 35619.
3, 31, 383
List the prime factors of 15929055.
3, 5, 37, 1063
List the prime factors of 1546298.
2, 13, 59473
List the prime factors of 409221.
3, 41, 1109
List the prime factors of 11030597.
11030597
What are the prime factors of 2040017?
7, 17, 31, 79
What are the prime factors of 659720?
2, 5, 16493
List the prime factors of 2730647.
97, 28151
List the prime factors of 7434730.
2, 5, 29, 31, 827
List the prime factors of 11685117.
3, 3895039
What are the prime factors of 618444?
2, 3, 41, 419
What are the prime factors of 1590953?
7, 13, 17483
List the prime factors of 2540706.
2, 3, 7, 60493
What are the prime factors of 488026?
2, 7, 11, 3169
List the prime factors of 120342.
2, 3, 31, 647
What are the prime factors of 143323?
331, 433
What are the prime factors of 126012?
2, 3, 10501
What are the prime factors of 229583?
229583
What are the prime factors of 255135?
3, 5, 73, 233
List the prime factors of 1132204.
2, 283051
List the prime factors of 7264451.
1019, 7129
What are the prime factors of 5768976?
2, 3, 31, 3877
List the prime factors of 1852179.
3, 7, 89, 991
What are the prime factors of 3576031?
3576031
What are the prime factors of 1081128?
2, 3, 107, 421
List the prime factors of 290502.
2, 3, 16139
What are the prime factors of 5049348?
2, 3, 420779
List the prime factors of 585174.
2, 3, 17, 5737
What are the prime factors of 17597008?
2, 11, 13, 7691
List the prime factors of 4099622.
2, 47, 43613
What are the prime factors of 1569508?
2, 17, 23081
What are the prime factors of 237349?
7, 41, 827
List the prime factors of 34625281.
23, 1505447
What are the prime factors of 21893034?
2, 3, 1427, 2557
What are the prime factors of 9268365?
3, 5, 433, 1427
What are the prime factors of 226474?
2, 17, 6661
What are the prime factors of 41475099?
3, 13825033
List the prime factors of 137936.
2, 37, 233
What are the prime factors of 118038?
2, 3, 103, 191
List the prime factors of 184841.
17, 83, 131
What are the prime factors of 497595?
3, 5, 7, 677
What are the prime factors of 2416254?
2, 3, 283, 1423
List the prime factors of 7589036.
2, 7, 13, 20849
What are the prime factors of 5421121?
47, 115343
What are the prime factors of 199188?
2, 3, 11, 503
What are the prime factors of 31871556?
2, 3, 98369
What are the prime factors of 4284916?
2, 1071229
What are the prime factors of 2908?
2, 727
What are the prime factors of 21196051?
1867, 11353
What are the prime factors of 2933581?
7, 19, 23, 137
List the prime factors of 1439387.
41, 35107
What are the prime factors of 8384721?
3, 2794907
List the prime factors of 28669910.
2, 5, 571, 5021
What are the prime factors of 20880?
2, 3, 5, 29
What are the prime factors of 11728565?
5, 2345713
List the prime factors of 4